
2, 1973
What are the prime factors of 98?
2, 7
List the prime factors of 2080.
2, 5, 13
List the prime factors of 11928.
2, 3, 7, 71
What are the prime factors of 8566?
2, 4283
What are the prime factors of 859?
859
What are the prime factors of 907?
907
What are the prime factors of 29119?
37, 787
What are the prime factors of 9406?
2, 4703
List the prime factors of 33328.
2, 2083
What are the prime factors of 63802?
2, 19, 23, 73
List the prime factors of 3860.
2, 5, 193
List the prime factors of 5689.
5689
What are the prime factors of 3546?
2, 3, 197
List the prime factors of 239.
239
What are the prime factors of 6681?
3, 17, 131
What are the prime factors of 60191?
23, 2617
List the prime factors of 13677.
3, 47, 97
What are the prime factors of 18902?
2, 13, 727
List the prime factors of 18687.
3, 6229
List the prime factors of 14362.
2, 43, 167
List the prime factors of 41788.
2, 31, 337
What are the prime factors of 53948?
2, 13487
List the prime factors of 2889.
3, 107
What are the prime factors of 5246?
2, 43, 61
List the prime factors of 1082.
2, 541
List the prime factors of 3434.
2, 17, 101
What are the prime factors of 47537?
7, 6791
List the prime factors of 991.
991
What are the prime factors of 489?
3, 163
What are the prime factors of 28341?
3, 47, 67
List the prime factors of 8403.
3, 2801
What are the prime factors of 11825?
5, 11, 43
List the prime factors of 822.
2, 3, 137
List the prime factors of 4530.
2, 3, 5, 151
What are the prime factors of 3303?
3, 367
List the prime factors of 753.
3, 251
What are the prime factors of 39251?
39251
List the prime factors of 933.
3, 311
What are the prime factors of 83991?
3, 27997
List the prime factors of 106458.
2, 3, 11, 1613
What are the prime factors of 29467?
79, 373
List the prime factors of 18373.
19, 967
List the prime factors of 1177.
11, 107
What are the prime factors of 1888?
2, 59
List the prime factors of 662.
2, 331
List the prime factors of 359.
359
What are the prime factors of 85?
5, 17
What are the prime factors of 3265?
5, 653
List the prime factors of 127560.
2, 3, 5, 1063
What are the prime factors of 2922?
2, 3, 487
What are the prime factors of 1262?
2, 631
What are the prime factors of 108357?
3, 19, 1901
List the prime factors of 404.
2, 101
List the prime factors of 415.
5, 83
What are the prime factors of 14557?
14557
What are the prime factors of 23218?
2, 13, 19, 47
List the prime factors of 8220.
2, 3, 5, 137
What are the prime factors of 9911?
11, 17, 53
List the prime factors of 3347.
3347
What are the prime factors of 38189?
38189
What are the prime factors of 19185?
3, 5, 1279
List the prime factors of 69.
3, 23
What are the prime factors of 25526?
2, 12763
List the prime factors of 125848.
2, 15731
What are the prime factors of 711?
3, 79
What are the prime factors of 82070?
2, 5, 29, 283
What are the prime factors of 1177?
11, 107
List the prime factors of 1452.
2, 3, 11
What are the prime factors of 1314?
2, 3, 73
List the prime factors of 10927.
7, 223
What are the prime factors of 53229?
3, 11, 1613
List the prime factors of 25149.
3, 83, 101
List the prime factors of 9616.
2, 601
What are the prime factors of 74171?
17, 4363
List the prime factors of 1314.
2, 3, 73
List the prime factors of 19470.
2, 3, 5, 11, 59
List the prime factors of 2021.
43, 47
List the prime factors of 1618.
2, 809
List the prime factors of 4535.
5, 907
List the prime factors of 52799.
37, 1427
What are the prime factors of 21475?
5, 859
What are the prime factors of 16820?
2, 5, 29
List the prime factors of 103114.
2, 11, 43, 109
List the prime factors of 911.
911
What are the prime factors of 1541?
23, 67
What are the prime factors of 92245?
5, 19, 971
List the prime factors of 1616.
2, 101
List the prime factors of 108079.
108079
List the prime factors of 7049.
7, 19, 53
List the prime factors of 28842.
2, 3, 11, 19, 23
What are the prime factors of 2613?
3, 13, 67
List the prime factors of 1015.
5, 7, 29
List the prime factors of 2067.
3, 13, 53
List the prime factors of 123052.
2, 30763
List the prime factors of 16362.
2, 3, 101
List the prime factors of 115563.
3, 7, 5503
List the prime factors of 994.
2, 7, 71
List the prime factors of 17859.
3, 5953
List the prime factors of 10383.
3, 3461
What are the prime factors of 37609?
11, 13, 263
What are the prime factors of 19805?
5, 17, 233
What are the prime factors of 8006?
2, 4003
List the prime factors of 4069.
13, 313
What are the prime factors of 17?
17
List the prime factors of 12727.
11, 13, 89
What are the prime factors of 47224?
2, 5903
What are the prime factors of 13897?
13, 1069
What are the prime factors of 2187?
3
What are the prime factors of 1171?
1171
What are the prime factors of 493?
17, 29
List the prime factors of 2877.
3, 7, 137
List the prime factors of 10862.
2, 5431
What are the prime factors of 16090?
2, 5, 1609
What are the prime factors of 4609?
11, 419
What are the prime factors of 1189?
29, 41
List the prime factors of 68637.
3, 137, 167
What are the prime factors of 1617?
3, 7, 11
What are the prime factors of 23843?
113, 211
What are the prime factors of 37519?
17, 2207
What are the prime factors of 61844?
2, 15461
List the prime factors of 2918.
2, 1459
List the prime factors of 22326.
2, 3, 61
What are the prime factors of 464?
2, 29
List the prime factors of 42250.
2, 5, 13
What are the prime factors of 118?
2, 59
What are the prime factors of 3712?
2, 29
What are the prime factors of 1411?
17, 83
What are the prime factors of 29994?
2, 3, 4999
List the prime factors of 15281.
7, 37, 59
What are the prime factors of 1209?
3, 13, 31
What are the prime factors of 36938?
2, 11, 23, 73
List the prime factors of 1716.
2, 3, 11, 13
List the prime factors of 51093.
3, 7, 811
What are the prime factors of 7178?
2, 37, 97
List the prime factors of 64564.
2, 16141
What are the prime factors of 511?
7, 73
List the prime factors of 29472.
2, 3, 307
List the prime factors of 5907.
3, 11, 179
List the prime factors of 64220.
2, 5, 13, 19
What are the prime factors of 6678?
2, 3, 7, 53
List the prime factors of 120824.
2, 11, 1373
What are the prime factors of 521?
521
What are the prime factors of 8530?
2, 5, 853
List the prime factors of 1955.
5, 17, 23
List the prime factors of 68004.
2, 3, 1889
What are the prime factors of 1504?
2, 47
List the prime factors of 30580.
2, 5, 11, 139
List the prime factors of 6564.
2, 3, 547
What are the prime factors of 31866?
2, 3, 47, 113
List the prime factors of 1121.
19, 59
List the prime factors of 24393.
3, 47, 173
What are the prime factors of 2839?
17, 167
What are the prime factors of 990?
2, 3, 5, 11
What are the prime factors of 14976?
2, 3, 13
List the prime factors of 3911.
3911
List the prime factors of 13056.
2, 3, 17
What are the prime factors of 708?
2, 3, 59
What are the prime factors of 384?
2, 3
What are the prime factors of 27714?
2, 3, 31, 149
List the prime factors of 42797.
42797
What are the prime factors of 307?
307
List the prime factors of 6191.
41, 151
List the prime factors of 2385.
3, 5, 53
What are the prime factors of 10772?
2, 2693
What are the prime factors of 3581?
3581
What are the prime factors of 41634?
2, 3, 257
List the prime factors of 114572.
2, 28643
List the prime factors of 625.
5
What are the prime factors of 23908?
2, 43, 139
List the prime factors of 1407.
3, 7, 67
List the prime factors of 1644.
2, 3, 137
What are the prime factors of 2382?
2, 3, 397
What are the prime factors of 3343?
3343
List the prime factors of 1305.
3, 5, 29
What are the prime factors of 1439?
1439
What are the prime factors of 34562?
2, 11, 1571
List the prime factors of 652.
2, 163
List the prime factors of 4548.
2, 3, 379
List the prime factors of 7045.
5, 1409
List the prime factors of 198.
2, 3, 11
What are the prime factors of 2075?
5, 83
What are the prime factors of 444?
2, 3, 37
List the prime factors of 11446.
2, 59, 97
List the prime factors of 21798.
2, 3, 7, 173
List the prime factors of 65641.
41, 1601
List the prime factors of 3191.
3191
List the prime factors of 11287.
11287
List the prime factors of 33282.
2, 3, 43
What are the prime factors of 39194?
2, 19597
What are the prime factors of 26358?
2, 3, 23, 191
W